{"id":9698,"date":"2024-06-28T09:28:22","date_gmt":"2024-06-28T08:28:22","guid":{"rendered":"http:\/\/192.168.10.124\/?page_id=9698"},"modified":"2024-10-09T19:10:31","modified_gmt":"2024-10-09T17:10:31","slug":"accueil","status":"publish","type":"page","link":"https:\/\/pedagogeek.eu\/woocommerce-inspecson\/","title":{"rendered":"Accueil"},"content":{"rendered":"\n<div class=\"wp-block-uagb-container uagb-block-c73ffc26 alignfull uagb-is-root-container\"><div class=\"uagb-container-inner-blocks-wrap\">\n<h2 class=\"wp-block-heading has-white-color has-pale-cyan-blue-background-color has-text-color has-background has-link-color wp-elements-bc3889d64427fb582d44d5205bd28ad3\" style=\"padding-top:0;padding-bottom:0\">Premi\u00e8re Activit\u00e9 de D\u00e9couverte <\/h2>\n\n\n\n<div class=\"wp-block-media-text is-stacked-on-mobile\" style=\"grid-template-columns:37% auto\"><figure class=\"wp-block-media-text__media\"><img loading=\"lazy\" decoding=\"async\" width=\"388\" height=\"384\" src=\"https:\/\/pedagogeek.eu\/woocommerce-inspecson\/wp-content\/uploads\/2024\/09\/capture-decran_20240908_191736.png\" alt=\"\" class=\"wp-image-10018 size-full\" srcset=\"https:\/\/pedagogeek.eu\/woocommerce-inspecson\/wp-content\/uploads\/2024\/09\/capture-decran_20240908_191736.png 388w, https:\/\/pedagogeek.eu\/woocommerce-inspecson\/wp-content\/uploads\/2024\/09\/capture-decran_20240908_191736-300x297.png 300w, https:\/\/pedagogeek.eu\/woocommerce-inspecson\/wp-content\/uploads\/2024\/09\/capture-decran_20240908_191736-100x100.png 100w\" sizes=\"auto, (max-width: 388px) 100vw, 388px\" \/><\/figure><div class=\"wp-block-media-text__content\">\n<div class=\"wp-block-group has-medium-font-size is-layout-constrained wp-block-group-is-layout-constrained\">\n<p class=\"has-medium-font-size\">Elle permet de <\/p>\n\n\n\n<ul class=\"wp-block-list\">\n<li>valider tous les comptes utilisateurs<\/li>\n\n\n\n<li>De d\u00e9couvrir le site  <\/li>\n\n\n\n<li>D&#8217;appr\u00e9hender la structure des activit\u00e9s <\/li>\n<\/ul>\n<\/div>\n\n\n\n<p><\/p>\n\n\n\n<figure class=\"wp-block-image size-full is-resized\"><a href=\"https:\/\/pedagogeek.eu\/woocommerce-inspecson\/le-compte-client\/\" target=\"_blank\" rel=\"noreferrer noopener\"><img loading=\"lazy\" decoding=\"async\" width=\"350\" height=\"110\" src=\"https:\/\/pedagogeek.eu\/woocommerce-inspecson\/wp-content\/uploads\/2024\/09\/capture-decran_20240908_192249.png\" alt=\"\" class=\"wp-image-10020\" style=\"width:200px;height:auto\" srcset=\"https:\/\/pedagogeek.eu\/woocommerce-inspecson\/wp-content\/uploads\/2024\/09\/capture-decran_20240908_192249.png 350w, https:\/\/pedagogeek.eu\/woocommerce-inspecson\/wp-content\/uploads\/2024\/09\/capture-decran_20240908_192249-300x94.png 300w\" sizes=\"auto, (max-width: 350px) 100vw, 350px\" \/><\/a><\/figure>\n<\/div><\/div>\n<\/div><\/div>\n\n\n\n<div style=\"height:31px\" aria-hidden=\"true\" class=\"wp-block-spacer\"><\/div>\n\n\n\n<div class=\"wp-block-group is-layout-constrained wp-block-group-is-layout-constrained\">\n<h2 class=\"wp-block-heading has-accent-color has-text-color has-large-font-size\" style=\"margin-top:0;margin-right:0;margin-bottom:var(--wp--preset--spacing--40);margin-left:0;padding-top:0;padding-right:0;padding-bottom:0;padding-left:0;text-transform:capitalize\">Mes acc\u00e8s rapides<\/h2>\n\n\n\n<div class=\"wp-block-columns is-layout-flex wp-container-core-columns-is-layout-d7d455e7 wp-block-columns-is-layout-flex\" style=\"padding-top:0;padding-right:0;padding-bottom:0;padding-left:0\">\n<div class=\"wp-block-column is-layout-flow wp-block-column-is-layout-flow\">\n<figure class=\"wp-block-image size-large is-resized\"><a href=\"https:\/\/ladigitale.dev\/digiscreen\/\" target=\"_blank\" rel=\"noreferrer noopener\"><img decoding=\"async\" src=\"https:\/\/numerunique.etab.ac-lille.fr\/files\/2022\/03\/Digiscreen.png\" alt=\"\"\/><\/a><\/figure>\n\n\n\n<div style=\"height:32px\" aria-hidden=\"true\" class=\"wp-block-spacer\"><\/div>\n<\/div>\n\n\n\n<div class=\"wp-block-column is-layout-flow wp-block-column-is-layout-flow\">\n<figure class=\"wp-block-image size-large is-resized\"><a href=\"https:\/\/digipad.app\/\" target=\"_blank\" rel=\"noreferrer noopener\"><img decoding=\"async\" src=\"data:image\/png;base64,iVBORw0KGgoAAAANSUhEUgAAANcAAADWCAMAAAB1\/+ciAAAAmVBMVEX\/\/\/8AztEAHR0iIiLj4+POzs4oKCjHx8f5+fkAgILz9PQ8PDwuLi5cXFyvr6\/e3t64uLh3d3cAmZtRUVHY2NgjPDxFRUV\/jY2Xl5eQkJBwcHAAQUKlpaUAIyNiYmIAVFUPKioAvsGjra2CgoIArbBHW1tTZmZneHgaMzMAbW4AYWI2TEyTn58AkJIAMTKv8PFf4OKH6OnP9vfyW7InAAAJ5ElEQVR4nO2ba3uqvBKGI8fIQVBQi4qieGjV2nb9\/x+3JwnhUCv1XSKuuPN8EDADk5tMBjKXIkT18dl5Dn1+oEIfj+5No8rJvh7dk4b19ZxYGdhzBSETCcVH9+Eues7hIgP2LAm+qs\/nDEMIxEd34E6SXGJJcoklySWWJJdYklxiSXKJJcklliSXWJJcYumvud67md7X2TdrcsQPOut3aFmWmwblkwa8qbOkX5QNvxn8lf6aa6rkiveU5o3ssw6uFzFrmrLjAdlfVE5SFtkt2NOj7GBQMpi+P5gLyAYVrn25d8sLXJyF3YH9ORc947FcSrwucS3Omn7mmpLrdDOr5Q9cN4DdxrXYL7KImxZcrKfTt253wZsqXO+DwYDaKuX7UwrY036\/yL4ePIarmFewy7nioptr2I8XyyrXsnw6bSFnnAouOkrr000D1gAX2+1yrkEeYqDu4r3c3ZxrGWd7ZEjjbj40BVdnTYkfyUWB3jhXkT54zl5XuRaLxZRinbLO7ynl4htXJw\/VR3G9085xoD2\/+Us++wcX8sZbdksG7Jz1N65THrQP4qqO156P129cpPtsLnb37M78W+O1pDf2nXN1+fyq44qn9Fn+XuaMq1zdLFQfwTVYLtdd1tkl52Ipgb1NsKQ2+CEfli6Sq8u54KoD9mzfP4ar0P7780uJT6f4x\/EquNbVa0zPnsvK+nIHWuE6LUvvG2\/fOneRiz633wZE05JhZQQfyrVYdsrvh4NT3hLXcLEJyA7fmEWFK77hxfd2riwFVN7nO4M9PKJO0\/2gW8P1lgUfEQvJZc4VnxbdZefvJdeVYklyiSXJJZYkl1iSXGJJcoklySWWJJdYklxiSXKJJcklliSXWJJcYklyiSXJJZaelkt5TkkusSS5xBIi\/zl\/OtE8\/+hO3EGSSyxJLrEkucSS5BJLkkssSS6xJLnEkuQSS5JLLEkusSS5xJLkEkuSSyxJLrF0Xy4czPGFpvnkbl6J7ssVuZewhOE6AyBfWBex\/iUuXX0ZGUEIe72RYc8QMlUN9lWEjHQ0oiba3LH7FlhGdh9ZE8dOLYRC1xiB9YudOj1qFdl2PwAubmAGhv3CfLiTieNEmkuv76bwjR1lZ5asmubqW5oLAD1jFs6MXonL9j1iYdnzUB9NwNLVNZhccNBHmhN5PvTrRU1Di1jN4PQXdYJyAyPy4JKMy+iFkWqTD63gImeWrZrmAgxPNdGI+IvsElfmrmdAx\/UA6ypg+uTAN3DqQgt8vNjZdejp7iQ30FWIAd9kXCQ8bTDAql8aL+q9sLoDF3JmWCXh5KtWwcXiC0WjkmWkOo5jqFpgkK1dcFFrmF\/cAM+NycxibW6foVCrClfZ6h5cxgwb\/lVctkeEgwnZaCUuP+PKDGAGvgSO+QtX2eoOXGEpDmm4zUpcNA69FFPLnkFug4XSEfQc41Ickm5DwHEDk2SD+fyci+ZMzlW2apoL5nkwInNiRqew5fRD3y5xYZI3gjm7A3gU6F4aIM+YhKEbFVwzx8e+MckNTHWmmZTlG1fk+GGqcq6SVdNcJM+TxAd5nmRu5I+cICpxIW9uODTPk5HQIGXPPZrGyZc5F\/TXmZAEwQ3IYyPF51zkORCN+B0pWTXNpV1p+XhJruflEkmSSyxJLrEkucSS5EJ9F2lqsU644int2\/B6P7Od8JprU2n2+UJEc\/jqn7wnBteVAu7GRdae2oysr6Pw95dVwkVeefEPK0c3f4cnXL3fbxLRXbmIYPl53bXZq\/wPKs4vVgS\/qoYrqy2x1YRWcGXFKFi12LQ6hSPYmrzexFpnqqqOyFI6hR0XWantuOxG6+qMFLUgOsk16aiqOlw7BENVIw4qJSlezIKYdty+zdYwWQ\/qKlSXuXhtiaz+YDWJOZdv9LQeLOV1NTDZ9zas\/gyPVY2yVozVHiZcGMYLo9TWw7mNGddcN0cOfNj9MhfCbh9TB5WSFC9meXBx32FcvAd1FarLXLy25JPVugWrvIxLI\/cdFnu0PuSppkYjLuizKOGttMek9EHj0J2TyWYxLlo7sFgxpMRF45CNFypKUryYlZLKScS4Kj24UKG6zMVrMGwbREUcBrajpnl1yqfbKOCrWtZa5TKdUZT513mth9r\/yFVeMvNiFv3yhcch81FXobqaK+VcPcfH5JBzmTQxgBXl4q1VLmT5qTP\/K66smEVLUxlX7qOmQvVLHHppFofOjHNNSP9GKY9D31JJ2SyYMC7eSkseOVcUEiD9nMuhT4IaLl7MSoOCi\/uoq1Bd5uK1JRQEeujCEzbjihxf79M4zPJGavteZISMi7ciu+8VXHAJLTKscy4XcpKbcU1GIT7j4sUsT51Zoc24uI+6ClVNns9qSzTPT4o8j\/uOHfVJDb73Pc+Tu5G1opkTFFzWxKEmZ1xeAFk849JtRzvj4sUsyPNGkDKu3EdNhUq+H4olySWWJJdYklxiSXKJJcklliSXWJJcYklyiSXJJZYkl1iSXGJJcoklySWWJJdYemqup9QTc7UYHC26klwNOGvRleRqwFmLriRXA85adCW5GnDWoivJ1YCzFl39n3GNFUUZjrOfY46H1\/6l7XCsdVarzZZ8HhV2pL2aaKXUX7HO1SWuVy\/0D0MKZl6NhVZ6rbNaFVzjIUL4aFGuuivWubrIBR94uCP7+Nq\/odbb\/TcuopVypeMfXNVxoWOCER6\/JhsPOr1jW22bJFsYwA1hHo41xUfIUnxdGb\/u4Bg6tUtWN3ElMAdWmsLiEK6IzENCNkjfJMMjuuzhai5T8dBuaIbbIUZburXw8KDrBzjOuOh2lWBd2ega5VJ2+o8\/k76aC4\/h8iUuLR57q\/iItAS2QHTRw9VcuqJbcH0YD5OOCz7oK4X8kBmuzrmAiezriseO2Zm3cNE4LHGZik5\/Kb\/bQDt8XPRwNZeveKaSgJSVr7BbxGL\/MM65rMS3YhO4tIxr2DQX3iZbyCLoQLoSDy97uJoL5pepmOQ37JZZ5drlXGi7Ww1RE1wb6jI+44KLHw+JiQ5b9mv6m7ksyASaQqaoRf1A7ghXMY9DcntfwaufbMZNcO1eST7dHs7j8Miod0P2a\/rbuDyPPb8g98Bs1Uj+8HavFjpA3thAwzjx9Z0CRDhRwia4vGRr6mMyjY+xblXm11EzYevF21Df1Hi4hou8b+xI6EGejw8kl++SeBMWed7aJq9jGiU7uMUNcKFwyzwh6xBX8vxqGL\/uMMn3cQJ9uoXrDvon3g\/v46xFV5KrAWctupJcDThr0VWn86c9Zy3pD7j67Hy15K09rq\/OJ\/pozV2bEf9BPloasNa4vqinj7ZmWFtcf+hwIZhh7YxYS1wwWp9sD8A6X\/cfsza4\/gAVx6Kh+ET6KHF+fD66Nw3pM6P6H6fpEiAgBSdpAAAAAElFTkSuQmCC\" alt=\"\"\/><\/a><\/figure>\n\n\n\n<div style=\"height:30px\" aria-hidden=\"true\" class=\"wp-block-spacer\"><\/div>\n<\/div>\n\n\n\n<div class=\"wp-block-column is-layout-flow wp-block-column-is-layout-flow\">\n<figure class=\"wp-block-image size-full is-resized\"><a href=\"https:\/\/portail.apps.education.fr\/\" target=\"_blank\" rel=\"noreferrer noopener\"><img loading=\"lazy\" decoding=\"async\" width=\"500\" height=\"500\" src=\"https:\/\/pedagogeek.eu\/woocommerce-inspecson\/wp-content\/uploads\/2023\/04\/MCV-7.png\" alt=\"\" class=\"wp-image-2749\" srcset=\"https:\/\/pedagogeek.eu\/woocommerce-inspecson\/wp-content\/uploads\/2023\/04\/MCV-7.png 500w, https:\/\/pedagogeek.eu\/woocommerce-inspecson\/wp-content\/uploads\/2023\/04\/MCV-7-300x300.png 300w, https:\/\/pedagogeek.eu\/woocommerce-inspecson\/wp-content\/uploads\/2023\/04\/MCV-7-150x150.png 150w, https:\/\/pedagogeek.eu\/woocommerce-inspecson\/wp-content\/uploads\/2023\/04\/MCV-7-100x100.png 100w\" sizes=\"auto, (max-width: 500px) 100vw, 500px\" \/><\/a><\/figure>\n\n\n\n<div style=\"height:19px\" aria-hidden=\"true\" class=\"wp-block-spacer\"><\/div>\n<\/div>\n\n\n\n<div class=\"wp-block-column is-layout-flow wp-block-column-is-layout-flow\">\n<div style=\"height:29px\" aria-hidden=\"true\" class=\"wp-block-spacer\"><\/div>\n<\/div>\n\n\n\n<div class=\"wp-block-column is-layout-flow wp-block-column-is-layout-flow\">\n<div style=\"height:29px\" aria-hidden=\"true\" class=\"wp-block-spacer\"><\/div>\n<\/div>\n<\/div>\n\n\n\n<div style=\"height:31px\" aria-hidden=\"true\" class=\"wp-block-spacer\"><\/div>\n<\/div>\n\n\n\n<p><\/p>\n","protected":false},"excerpt":{"rendered":"<p>Premi\u00e8re Activit\u00e9 de D\u00e9couverte Elle permet de Mes acc\u00e8s rapides<\/p>\n","protected":false},"author":1,"featured_media":0,"parent":0,"menu_order":0,"comment_status":"closed","ping_status":"closed","template":"","meta":{"_eb_attr":"","_uag_custom_page_level_css":"","footnotes":""},"class_list":["post-9698","page","type-page","status-publish","hentry"],"uagb_featured_image_src":{"full":false,"thumbnail":false,"medium":false,"medium_large":false,"large":false,"1536x1536":false,"2048x2048":false,"woocommerce_thumbnail":false,"woocommerce_single":false,"woocommerce_gallery_thumbnail":false},"uagb_author_info":{"display_name":"patrick reynaud","author_link":"https:\/\/pedagogeek.eu\/woocommerce-inspecson\/author\/rpfe26_admin\/"},"uagb_comment_info":0,"uagb_excerpt":"Premi\u00e8re Activit\u00e9 de D\u00e9couverte Elle permet de Mes acc\u00e8s rapides","_links":{"self":[{"href":"https:\/\/pedagogeek.eu\/woocommerce-inspecson\/wp-json\/wp\/v2\/pages\/9698","targetHints":{"allow":["GET"]}}],"collection":[{"href":"https:\/\/pedagogeek.eu\/woocommerce-inspecson\/wp-json\/wp\/v2\/pages"}],"about":[{"href":"https:\/\/pedagogeek.eu\/woocommerce-inspecson\/wp-json\/wp\/v2\/types\/page"}],"author":[{"embeddable":true,"href":"https:\/\/pedagogeek.eu\/woocommerce-inspecson\/wp-json\/wp\/v2\/users\/1"}],"replies":[{"embeddable":true,"href":"https:\/\/pedagogeek.eu\/woocommerce-inspecson\/wp-json\/wp\/v2\/comments?post=9698"}],"version-history":[{"count":1,"href":"https:\/\/pedagogeek.eu\/woocommerce-inspecson\/wp-json\/wp\/v2\/pages\/9698\/revisions"}],"predecessor-version":[{"id":10567,"href":"https:\/\/pedagogeek.eu\/woocommerce-inspecson\/wp-json\/wp\/v2\/pages\/9698\/revisions\/10567"}],"wp:attachment":[{"href":"https:\/\/pedagogeek.eu\/woocommerce-inspecson\/wp-json\/wp\/v2\/media?parent=9698"}],"curies":[{"name":"wp","href":"https:\/\/api.w.org\/{rel}","templated":true}]}}