{"id":3474,"date":"2023-04-26T17:12:29","date_gmt":"2023-04-26T16:12:29","guid":{"rendered":"http:\/\/192.168.10.124\/?page_id=3474"},"modified":"2024-10-09T08:27:58","modified_gmt":"2024-10-09T06:27:58","slug":"taches","status":"publish","type":"page","link":"https:\/\/pedagogeek.eu\/woocommerce-inspecson\/categories\/taches\/","title":{"rendered":"Les TP"},"content":{"rendered":"\n<p>Vous pouvez retrouver ici <\/p>\n\n\n\n<p>les t\u00e2ches complexes pour valider des comp\u00e9tences <\/p>\n\n\n\n<div class=\"wp-block-uagb-container uagb-block-afc3a76e alignfull uagb-is-root-container\"><div class=\"uagb-container-inner-blocks-wrap\">\n<div class=\"wp-block-uagb-container uagb-block-23cdd25b\">\n<div class=\"wp-block-group is-layout-constrained wp-block-group-is-layout-constrained\">\n<h2 class=\"wp-block-heading has-accent-color has-text-color\" style=\"margin-top:var(--wp--preset--spacing--40);margin-bottom:var(--wp--preset--spacing--40);text-transform:capitalize\">Le Professionnel <\/h2>\n\n\n<p>[catlist order=desc numberposts=5 pagination=yes name=tp+professionnel]<\/p>\n<\/div>\n<\/div>\n\n\n\n<div class=\"wp-block-uagb-container uagb-block-3fc990d0\">\n<div class=\"wp-block-group is-layout-constrained wp-block-group-is-layout-constrained\">\n<h2 class=\"wp-block-heading has-accent-color has-text-color\" style=\"margin-top:var(--wp--preset--spacing--40);margin-bottom:var(--wp--preset--spacing--40);text-transform:capitalize\">La sp\u00e9cialit\u00e9 <\/h2>\n\n\n<p>[catlist order=desc numberposts=5 pagination=yes name=tp+specialite]<\/p>\n<\/div>\n<\/div>\n\n\n\n<div class=\"wp-block-uagb-container uagb-block-bd981604\">\n<div class=\"wp-block-group is-layout-constrained wp-block-group-is-layout-constrained\">\n<h2 class=\"wp-block-heading has-accent-color has-text-color\" style=\"margin-top:var(--wp--preset--spacing--40);margin-bottom:var(--wp--preset--spacing--40);text-transform:capitalize\">L&#8217;\u00e9conomie Droit <\/h2>\n\n\n<p>[catlist order=desc numberposts=5 pagination=yes   name=tp+eco-droit]<\/p>\n<\/div>\n<\/div>\n<\/div><\/div>\n\n\n\n<p><\/p>\n","protected":false},"excerpt":{"rendered":"<p>Vous pouvez retrouver ici les t\u00e2ches complexes pour valider des comp\u00e9tences Le Professionnel La sp\u00e9cialit\u00e9 L&#8217;\u00e9conomie Droit<\/p>\n","protected":false},"author":1,"featured_media":0,"parent":3487,"menu_order":4,"comment_status":"closed","ping_status":"closed","template":"","meta":{"_eb_attr":"","_uag_custom_page_level_css":"","footnotes":""},"class_list":["post-3474","page","type-page","status-publish","hentry"],"uagb_featured_image_src":{"full":false,"thumbnail":false,"medium":false,"medium_large":false,"large":false,"1536x1536":false,"2048x2048":false,"woocommerce_thumbnail":false,"woocommerce_single":false,"woocommerce_gallery_thumbnail":false},"uagb_author_info":{"display_name":"patrick reynaud","author_link":"https:\/\/pedagogeek.eu\/woocommerce-inspecson\/author\/rpfe26_admin\/"},"uagb_comment_info":0,"uagb_excerpt":"Vous pouvez retrouver ici les t\u00e2ches complexes pour valider des comp\u00e9tences Le Professionnel La sp\u00e9cialit\u00e9 L&#8217;\u00e9conomie Droit","_links":{"self":[{"href":"https:\/\/pedagogeek.eu\/woocommerce-inspecson\/wp-json\/wp\/v2\/pages\/3474","targetHints":{"allow":["GET"]}}],"collection":[{"href":"https:\/\/pedagogeek.eu\/woocommerce-inspecson\/wp-json\/wp\/v2\/pages"}],"about":[{"href":"https:\/\/pedagogeek.eu\/woocommerce-inspecson\/wp-json\/wp\/v2\/types\/page"}],"author":[{"embeddable":true,"href":"https:\/\/pedagogeek.eu\/woocommerce-inspecson\/wp-json\/wp\/v2\/users\/1"}],"replies":[{"embeddable":true,"href":"https:\/\/pedagogeek.eu\/woocommerce-inspecson\/wp-json\/wp\/v2\/comments?post=3474"}],"version-history":[{"count":1,"href":"https:\/\/pedagogeek.eu\/woocommerce-inspecson\/wp-json\/wp\/v2\/pages\/3474\/revisions"}],"predecessor-version":[{"id":10537,"href":"https:\/\/pedagogeek.eu\/woocommerce-inspecson\/wp-json\/wp\/v2\/pages\/3474\/revisions\/10537"}],"up":[{"embeddable":true,"href":"https:\/\/pedagogeek.eu\/woocommerce-inspecson\/wp-json\/wp\/v2\/pages\/3487"}],"wp:attachment":[{"href":"https:\/\/pedagogeek.eu\/woocommerce-inspecson\/wp-json\/wp\/v2\/media?parent=3474"}],"curies":[{"name":"wp","href":"https:\/\/api.w.org\/{rel}","templated":true}]}}